{"id":53,"date":"2014-03-31T07:31:00","date_gmt":"2014-03-31T07:31:00","guid":{"rendered":"http:\/\/medialabmx.org\/processing\/?page_id=53"},"modified":"2014-03-31T07:31:00","modified_gmt":"2014-03-31T07:31:00","slug":"movimiento","status":"publish","type":"page","link":"http:\/\/medialabmx.org\/processing\/topicos-avanzados\/movimiento\/","title":{"rendered":"Movimiento"},"content":{"rendered":"<p><strong>Movimiento Browniano:<\/strong><br \/>\n<a href=\"http:\/\/medialabmx.org\/processing\/wp-content\/uploads\/2014\/03\/still.png\"><img loading=\"lazy\" decoding=\"async\" src=\"http:\/\/medialabmx.org\/processing\/wp-content\/uploads\/2014\/03\/still.png\" alt=\"still\" width=\"600\" height=\"600\" class=\"alignnone size-full wp-image-10\" srcset=\"http:\/\/medialabmx.org\/processing\/wp-content\/uploads\/2014\/03\/still.png 600w, http:\/\/medialabmx.org\/processing\/wp-content\/uploads\/2014\/03\/still-150x150.png 150w, http:\/\/medialabmx.org\/processing\/wp-content\/uploads\/2014\/03\/still-300x300.png 300w\" sizes=\"auto, (max-width: 600px) 100vw, 600px\" \/><\/a><\/p>\n<p><script src=\"https:\/\/gist.github.com\/leonardoaranda1981\/9460727.js\"><\/script><\/p>\n<p><strong>Movimiento rectil\u00edneo uniforme: <\/strong><br \/>\n<a href=\"http:\/\/medialabmx.org\/processing\/wp-content\/uploads\/2014\/03\/still1.png\"><img loading=\"lazy\" decoding=\"async\" src=\"http:\/\/medialabmx.org\/processing\/wp-content\/uploads\/2014\/03\/still1.png\" alt=\"still\" width=\"600\" height=\"600\" class=\"alignnone size-full wp-image-13\" srcset=\"http:\/\/medialabmx.org\/processing\/wp-content\/uploads\/2014\/03\/still1.png 600w, http:\/\/medialabmx.org\/processing\/wp-content\/uploads\/2014\/03\/still1-150x150.png 150w, http:\/\/medialabmx.org\/processing\/wp-content\/uploads\/2014\/03\/still1-300x300.png 300w\" sizes=\"auto, (max-width: 600px) 100vw, 600px\" \/><\/a><\/p>\n<p><script src=\"https:\/\/gist.github.com\/leonardoaranda1981\/9460634.js\"><\/script><\/p>\n<p><strong>Movimiento rectil\u00edneo acelerado:<\/strong><br \/>\n<a href=\"http:\/\/medialabmx.org\/processing\/wp-content\/uploads\/2014\/03\/still2.png\"><img loading=\"lazy\" decoding=\"async\" src=\"http:\/\/medialabmx.org\/processing\/wp-content\/uploads\/2014\/03\/still2.png\" alt=\"still2\" width=\"600\" height=\"600\" class=\"alignnone size-full wp-image-15\" srcset=\"http:\/\/medialabmx.org\/processing\/wp-content\/uploads\/2014\/03\/still2.png 600w, http:\/\/medialabmx.org\/processing\/wp-content\/uploads\/2014\/03\/still2-150x150.png 150w, http:\/\/medialabmx.org\/processing\/wp-content\/uploads\/2014\/03\/still2-300x300.png 300w\" sizes=\"auto, (max-width: 600px) 100vw, 600px\" \/><\/a><\/p>\n<p><script src=\"https:\/\/gist.github.com\/leonardoaranda1981\/9460656.js\"><\/script><\/p>\n<p><strong>Movimiento curvil\u00edneo:<\/strong><br \/>\n<a href=\"http:\/\/medialabmx.org\/processing\/wp-content\/uploads\/2014\/03\/still3.png\"><img loading=\"lazy\" decoding=\"async\" src=\"http:\/\/medialabmx.org\/processing\/wp-content\/uploads\/2014\/03\/still3.png\" alt=\"still3\" width=\"600\" height=\"600\" class=\"alignnone size-full wp-image-16\" srcset=\"http:\/\/medialabmx.org\/processing\/wp-content\/uploads\/2014\/03\/still3.png 600w, http:\/\/medialabmx.org\/processing\/wp-content\/uploads\/2014\/03\/still3-150x150.png 150w, http:\/\/medialabmx.org\/processing\/wp-content\/uploads\/2014\/03\/still3-300x300.png 300w\" sizes=\"auto, (max-width: 600px) 100vw, 600px\" \/><\/a><\/p>\n<p><script src=\"https:\/\/gist.github.com\/leonardoaranda1981\/9460672.js\"><\/script><\/p>\n<p><strong>Movimiento ondular: <\/strong><br \/>\n<a href=\"http:\/\/medialabmx.org\/processing\/wp-content\/uploads\/2014\/03\/still4.png\"><img loading=\"lazy\" decoding=\"async\" src=\"http:\/\/medialabmx.org\/processing\/wp-content\/uploads\/2014\/03\/still4.png\" alt=\"still4\" width=\"600\" height=\"600\" class=\"alignnone size-full wp-image-17\" srcset=\"http:\/\/medialabmx.org\/processing\/wp-content\/uploads\/2014\/03\/still4.png 600w, http:\/\/medialabmx.org\/processing\/wp-content\/uploads\/2014\/03\/still4-150x150.png 150w, http:\/\/medialabmx.org\/processing\/wp-content\/uploads\/2014\/03\/still4-300x300.png 300w\" sizes=\"auto, (max-width: 600px) 100vw, 600px\" \/><\/a> <\/p>\n<p><script src=\"https:\/\/gist.github.com\/leonardoaranda1981\/9460679.js\"><\/script><\/p>\n<p><strong>Movimiento circular:<\/strong><br \/>\n<a href=\"http:\/\/medialabmx.org\/processing\/wp-content\/uploads\/2014\/03\/still5.png\"><img loading=\"lazy\" decoding=\"async\" src=\"http:\/\/medialabmx.org\/processing\/wp-content\/uploads\/2014\/03\/still5.png\" alt=\"still5\" width=\"600\" height=\"600\" class=\"alignnone size-full wp-image-18\" srcset=\"http:\/\/medialabmx.org\/processing\/wp-content\/uploads\/2014\/03\/still5.png 600w, http:\/\/medialabmx.org\/processing\/wp-content\/uploads\/2014\/03\/still5-150x150.png 150w, http:\/\/medialabmx.org\/processing\/wp-content\/uploads\/2014\/03\/still5-300x300.png 300w\" sizes=\"auto, (max-width: 600px) 100vw, 600px\" \/><\/a><\/p>\n<p><script src=\"https:\/\/gist.github.com\/leonardoaranda1981\/9460701.js\"><\/script><\/p>\n","protected":false},"excerpt":{"rendered":"<p>Movimiento Browniano: Movimiento rectil\u00edneo uniforme: Movimiento rectil\u00edneo acelerado: Movimiento curvil\u00edneo: Movimiento ondular: Movimiento circular:<\/p>\n","protected":false},"author":1,"featured_media":0,"parent":29,"menu_order":0,"comment_status":"open","ping_status":"open","template":"","meta":{"footnotes":""},"class_list":["post-53","page","type-page","status-publish","hentry"],"_links":{"self":[{"href":"http:\/\/medialabmx.org\/processing\/wp-json\/wp\/v2\/pages\/53","targetHints":{"allow":["GET"]}}],"collection":[{"href":"http:\/\/medialabmx.org\/processing\/wp-json\/wp\/v2\/pages"}],"about":[{"href":"http:\/\/medialabmx.org\/processing\/wp-json\/wp\/v2\/types\/page"}],"author":[{"embeddable":true,"href":"http:\/\/medialabmx.org\/processing\/wp-json\/wp\/v2\/users\/1"}],"replies":[{"embeddable":true,"href":"http:\/\/medialabmx.org\/processing\/wp-json\/wp\/v2\/comments?post=53"}],"version-history":[{"count":1,"href":"http:\/\/medialabmx.org\/processing\/wp-json\/wp\/v2\/pages\/53\/revisions"}],"predecessor-version":[{"id":54,"href":"http:\/\/medialabmx.org\/processing\/wp-json\/wp\/v2\/pages\/53\/revisions\/54"}],"up":[{"embeddable":true,"href":"http:\/\/medialabmx.org\/processing\/wp-json\/wp\/v2\/pages\/29"}],"wp:attachment":[{"href":"http:\/\/medialabmx.org\/processing\/wp-json\/wp\/v2\/media?parent=53"}],"curies":[{"name":"wp","href":"https:\/\/api.w.org\/{rel}","templated":true}]}}